{"id":9,"date":"2025-03-05T12:28:32","date_gmt":"2025-03-05T12:28:32","guid":{"rendered":"https:\/\/predprodej.olesnickakytka.cz\/?page_id=9"},"modified":"2025-03-05T13:30:03","modified_gmt":"2025-03-05T13:30:03","slug":"cart","status":"publish","type":"page","link":"https:\/\/predprodej.olesnickakytka.cz\/?page_id=9","title":{"rendered":"Ko\u0161\u00edk"},"content":{"rendered":"<div data-block-name=\"woocommerce\/cart\" class=\"wp-block-woocommerce-cart alignwide is-loading\"><div data-block-name=\"woocommerce\/filled-cart-block\" class=\"wp-block-woocommerce-filled-cart-block\"><div data-block-name=\"woocommerce\/cart-items-block\" class=\"wp-block-woocommerce-cart-items-block\"><div data-block-name=\"woocommerce\/cart-line-items-block\" class=\"wp-block-woocommerce-cart-line-items-block\"><\/div>\n\n<div data-block-name=\"woocommerce\/cart-cross-sells-block\" class=\"wp-block-woocommerce-cart-cross-sells-block\"><h2 class=\"wp-block-heading has-large-font-size\">You may be interested in\u2026<\/h2>\n\n<div data-block-name=\"woocommerce\/cart-cross-sells-products-block\" class=\"wp-block-woocommerce-cart-cross-sells-products-block\"><\/div><\/div><\/div>\n\n<div data-block-name=\"woocommerce\/cart-totals-block\" class=\"wp-block-woocommerce-cart-totals-block\"><div data-block-name=\"woocommerce\/cart-order-summary-block\" class=\"wp-block-woocommerce-cart-order-summary-block\"><div data-block-name=\"woocommerce\/cart-order-summary-heading-block\" class=\"wp-block-woocommerce-cart-order-summary-heading-block\"><\/div><div data-block-name=\"woocommerce\/cart-order-summary-coupon-form-block\" class=\"wp-block-woocommerce-cart-order-summary-coupon-form-block\"><\/div><div data-block-name=\"woocommerce\/cart-order-summary-totals-block\" class=\"wp-block-woocommerce-cart-order-summary-totals-block\">\n<div data-block-name=\"woocommerce\/cart-order-summary-subtotal-block\" class=\"wp-block-woocommerce-cart-order-summary-subtotal-block\"><\/div>\n<div data-block-name=\"woocommerce\/cart-order-summary-discount-block\" class=\"wp-block-woocommerce-cart-order-summary-discount-block\"><\/div>\n<div data-block-name=\"woocommerce\/cart-order-summary-fee-block\" class=\"wp-block-woocommerce-cart-order-summary-fee-block\"><\/div>\n<div data-block-name=\"woocommerce\/cart-order-summary-shipping-block\" class=\"wp-block-woocommerce-cart-order-summary-shipping-block\"><\/div>\n<div data-block-name=\"woocommerce\/cart-order-summary-taxes-block\" class=\"wp-block-woocommerce-cart-order-summary-taxes-block\"><\/div><\/div><\/div>\n\n<div data-block-name=\"woocommerce\/cart-express-payment-block\" class=\"wp-block-woocommerce-cart-express-payment-block\"><\/div>\n\n<div data-block-name=\"woocommerce\/proceed-to-checkout-block\" class=\"wp-block-woocommerce-proceed-to-checkout-block\"><\/div>\n\n<div data-block-name=\"woocommerce\/cart-accepted-payment-methods-block\" class=\"wp-block-woocommerce-cart-accepted-payment-methods-block\"><\/div><\/div><\/div>\n\n<div data-block-name=\"woocommerce\/empty-cart-block\" class=\"wp-block-woocommerce-empty-cart-block\"><h2 class=\"wp-block-heading has-text-align-center with-empty-cart-icon wc-block-cart__empty-cart__title\">Your cart is currently empty!<\/h2>\n\n<hr class=\"wp-block-separator has-alpha-channel-opacity is-style-dots\"\/>\n\n<h2 class=\"wp-block-heading has-text-align-center\">New in store<\/h2>\n\n<div data-block-name=\"woocommerce\/product-new\" data-columns=\"4\" data-rows=\"1\" class=\"wc-block-grid wp-block-product-new wp-block-woocommerce-product-new wc-block-product-new has-4-columns\"><ul class=\"wc-block-grid__products\"><li class=\"wc-block-grid__product\">\n\t\t\t\t<a href=\"https:\/\/predprodej.olesnickakytka.cz\/?product=olesnicka-kytka-vstupenka-zakladni-vstupne\" class=\"wc-block-grid__product-link\">\n\t\t\t\t\t\n\t\t\t\t\t<div class=\"wc-block-grid__product-image\"><img loading=\"lazy\" decoding=\"async\" width=\"567\" height=\"142\" src=\"https:\/\/predprodej.olesnickakytka.cz\/wp-content\/uploads\/2025\/03\/Vstupenka-300-Kc.png\" class=\"attachment-woocommerce_thumbnail size-woocommerce_thumbnail\" alt=\"Ole\u0161nick\u00e1 kytka - VSTUPENKA - z\u00e1kladn\u00ed vstupn\u00e9\" srcset=\"https:\/\/predprodej.olesnickakytka.cz\/wp-content\/uploads\/2025\/03\/Vstupenka-300-Kc.png 567w, https:\/\/predprodej.olesnickakytka.cz\/wp-content\/uploads\/2025\/03\/Vstupenka-300-Kc-300x75.png 300w\" sizes=\"auto, (max-width: 567px) 100vw, 567px\" \/><\/div>\n\t\t\t\t\t<div class=\"wc-block-grid__product-title\">Ole\u0161nick\u00e1 kytka &#8211; VSTUPENKA &#8211; z\u00e1kladn\u00ed vstupn\u00e9<\/div>\n\t\t\t\t<\/a>\n\t\t\t\t<div class=\"wc-block-grid__product-price price\"><span class=\"woocommerce-Price-amount amount\">300,00&nbsp;<span class=\"woocommerce-Price-currencySymbol\">&#075;&#269;<\/span><\/span><\/div>\n\t\t\t\t\n\t\t\t\t<div class=\"wp-block-button wc-block-grid__product-add-to-cart\"><a href=\"?add-to-cart=75\" aria-label=\"P\u0159idat do ko\u0161\u00edku: &ldquo;Ole\u0161nick\u00e1 kytka - VSTUPENKA - z\u00e1kladn\u00ed vstupn\u00e9&rdquo;\" data-quantity=\"1\" data-product_id=\"75\" data-product_sku=\"\" data-price=\"300\" rel=\"nofollow\" class=\"wp-block-button__link  add_to_cart_button ajax_add_to_cart\">P\u0159idat do ko\u0161\u00edku<\/a><\/div>\n\t\t\t<\/li><li class=\"wc-block-grid__product\">\n\t\t\t\t<a href=\"https:\/\/predprodej.olesnickakytka.cz\/?product=olesnicka-kytka-vstupenka-dite-do-100-cm\" class=\"wc-block-grid__product-link\">\n\t\t\t\t\t\n\t\t\t\t\t<div class=\"wc-block-grid__product-image\"><img loading=\"lazy\" decoding=\"async\" width=\"567\" height=\"142\" src=\"https:\/\/predprodej.olesnickakytka.cz\/wp-content\/uploads\/2025\/03\/Vstupenka-dite.png\" class=\"attachment-woocommerce_thumbnail size-woocommerce_thumbnail\" alt=\"Ole\u0161nick\u00e1 kytka - VSTUPENKA - d\u00edt\u011b do 100 cm\" srcset=\"https:\/\/predprodej.olesnickakytka.cz\/wp-content\/uploads\/2025\/03\/Vstupenka-dite.png 567w, https:\/\/predprodej.olesnickakytka.cz\/wp-content\/uploads\/2025\/03\/Vstupenka-dite-300x75.png 300w\" sizes=\"auto, (max-width: 567px) 100vw, 567px\" \/><\/div>\n\t\t\t\t\t<div class=\"wc-block-grid__product-title\">Ole\u0161nick\u00e1 kytka &#8211; VSTUPENKA &#8211; d\u00edt\u011b do 100 cm<\/div>\n\t\t\t\t<\/a>\n\t\t\t\t<div class=\"wc-block-grid__product-price price\"><span class=\"woocommerce-Price-amount amount\">0,00&nbsp;<span class=\"woocommerce-Price-currencySymbol\">&#075;&#269;<\/span><\/span><\/div>\n\t\t\t\t\n\t\t\t\t<div class=\"wp-block-button wc-block-grid__product-add-to-cart\"><a href=\"?add-to-cart=73\" aria-label=\"P\u0159idat do ko\u0161\u00edku: &ldquo;Ole\u0161nick\u00e1 kytka - VSTUPENKA - d\u00edt\u011b do 100 cm&rdquo;\" data-quantity=\"1\" data-product_id=\"73\" data-product_sku=\"\" data-price=\"0\" rel=\"nofollow\" class=\"wp-block-button__link  add_to_cart_button ajax_add_to_cart\">P\u0159idat do ko\u0161\u00edku<\/a><\/div>\n\t\t\t<\/li><li class=\"wc-block-grid__product\">\n\t\t\t\t<a href=\"https:\/\/predprodej.olesnickakytka.cz\/?product=olesnicka-kytka-vstupenka-zttp\" class=\"wc-block-grid__product-link\">\n\t\t\t\t\t\n\t\t\t\t\t<div class=\"wc-block-grid__product-image\"><img loading=\"lazy\" decoding=\"async\" width=\"567\" height=\"142\" src=\"https:\/\/predprodej.olesnickakytka.cz\/wp-content\/uploads\/2025\/03\/Vstupenka-ZTPP.png\" class=\"attachment-woocommerce_thumbnail size-woocommerce_thumbnail\" alt=\"Ole\u0161nick\u00e1 kytka - VSTUPENKA - ZTTP\" srcset=\"https:\/\/predprodej.olesnickakytka.cz\/wp-content\/uploads\/2025\/03\/Vstupenka-ZTPP.png 567w, https:\/\/predprodej.olesnickakytka.cz\/wp-content\/uploads\/2025\/03\/Vstupenka-ZTPP-300x75.png 300w\" sizes=\"auto, (max-width: 567px) 100vw, 567px\" \/><\/div>\n\t\t\t\t\t<div class=\"wc-block-grid__product-title\">Ole\u0161nick\u00e1 kytka &#8211; VSTUPENKA &#8211; ZTTP<\/div>\n\t\t\t\t<\/a>\n\t\t\t\t<div class=\"wc-block-grid__product-price price\"><span class=\"woocommerce-Price-amount amount\">0,00&nbsp;<span class=\"woocommerce-Price-currencySymbol\">&#075;&#269;<\/span><\/span><\/div>\n\t\t\t\t\n\t\t\t\t<div class=\"wp-block-button wc-block-grid__product-add-to-cart\"><a href=\"?add-to-cart=71\" aria-label=\"P\u0159idat do ko\u0161\u00edku: &ldquo;Ole\u0161nick\u00e1 kytka - VSTUPENKA - ZTTP&rdquo;\" data-quantity=\"1\" data-product_id=\"71\" data-product_sku=\"\" data-price=\"0\" rel=\"nofollow\" class=\"wp-block-button__link  add_to_cart_button ajax_add_to_cart\">P\u0159idat do ko\u0161\u00edku<\/a><\/div>\n\t\t\t<\/li><li class=\"wc-block-grid__product\">\n\t\t\t\t<a href=\"https:\/\/predprodej.olesnickakytka.cz\/?product=olesnicka-kytka-vstupenka-dite-do-149-cm\" class=\"wc-block-grid__product-link\">\n\t\t\t\t\t\n\t\t\t\t\t<div class=\"wc-block-grid__product-image\"><img loading=\"lazy\" decoding=\"async\" width=\"567\" height=\"142\" src=\"https:\/\/predprodej.olesnickakytka.cz\/wp-content\/uploads\/2025\/03\/Vstupenka-100-Kc.png\" class=\"attachment-woocommerce_thumbnail size-woocommerce_thumbnail\" alt=\"Ole\u0161nick\u00e1 kytka - VSTUPENKA - d\u00edt\u011b do 149 cm\" srcset=\"https:\/\/predprodej.olesnickakytka.cz\/wp-content\/uploads\/2025\/03\/Vstupenka-100-Kc.png 567w, https:\/\/predprodej.olesnickakytka.cz\/wp-content\/uploads\/2025\/03\/Vstupenka-100-Kc-300x75.png 300w\" sizes=\"auto, (max-width: 567px) 100vw, 567px\" \/><\/div>\n\t\t\t\t\t<div class=\"wc-block-grid__product-title\">Ole\u0161nick\u00e1 kytka &#8211; VSTUPENKA &#8211; d\u00edt\u011b do 149 cm<\/div>\n\t\t\t\t<\/a>\n\t\t\t\t<div class=\"wc-block-grid__product-price price\"><span class=\"woocommerce-Price-amount amount\">100,00&nbsp;<span class=\"woocommerce-Price-currencySymbol\">&#075;&#269;<\/span><\/span><\/div>\n\t\t\t\t\n\t\t\t\t<div class=\"wp-block-button wc-block-grid__product-add-to-cart\"><a href=\"?add-to-cart=69\" aria-label=\"P\u0159idat do ko\u0161\u00edku: &ldquo;Ole\u0161nick\u00e1 kytka - VSTUPENKA - d\u00edt\u011b do 149 cm&rdquo;\" data-quantity=\"1\" data-product_id=\"69\" data-product_sku=\"\" data-price=\"100\" rel=\"nofollow\" class=\"wp-block-button__link  add_to_cart_button ajax_add_to_cart\">P\u0159idat do ko\u0161\u00edku<\/a><\/div>\n\t\t\t<\/li><\/ul><\/div><\/div><\/div>","protected":false},"excerpt":{"rendered":"","protected":false},"author":1,"featured_media":0,"parent":0,"menu_order":0,"comment_status":"closed","ping_status":"closed","template":"","meta":{"footnotes":"","_links_to":"","_links_to_target":""},"class_list":["post-9","page","type-page","status-publish","hentry","entry"],"_links":{"self":[{"href":"https:\/\/predprodej.olesnickakytka.cz\/index.php?rest_route=\/wp\/v2\/pages\/9","targetHints":{"allow":["GET"]}}],"collection":[{"href":"https:\/\/predprodej.olesnickakytka.cz\/index.php?rest_route=\/wp\/v2\/pages"}],"about":[{"href":"https:\/\/predprodej.olesnickakytka.cz\/index.php?rest_route=\/wp\/v2\/types\/page"}],"author":[{"embeddable":true,"href":"https:\/\/predprodej.olesnickakytka.cz\/index.php?rest_route=\/wp\/v2\/users\/1"}],"replies":[{"embeddable":true,"href":"https:\/\/predprodej.olesnickakytka.cz\/index.php?rest_route=%2Fwp%2Fv2%2Fcomments&post=9"}],"version-history":[{"count":2,"href":"https:\/\/predprodej.olesnickakytka.cz\/index.php?rest_route=\/wp\/v2\/pages\/9\/revisions"}],"predecessor-version":[{"id":80,"href":"https:\/\/predprodej.olesnickakytka.cz\/index.php?rest_route=\/wp\/v2\/pages\/9\/revisions\/80"}],"wp:attachment":[{"href":"https:\/\/predprodej.olesnickakytka.cz\/index.php?rest_route=%2Fwp%2Fv2%2Fmedia&parent=9"}],"curies":[{"name":"wp","href":"https:\/\/api.w.org\/{rel}","templated":true}]}}